4
What is the tens digit of 952?
5
What is the hundreds digit of 34438?
4
What is the units digit of 136574?
4
What is the hundreds digit of 112?
1
What is the thousands digit of 7641?
7
What is the tens digit of 71509?
0
What is the units digit of 1165?
5
What is the hundreds digit of 57577?
5
What is the units digit of 1597?
7
What is the ten thousands digit of 86299?
8
What is the thousands digit of 12928?
2
What is the units digit of 1522?
2
What is the tens digit of 2335?
3
What is the tens digit of 14440?
4
What is the hundreds digit of 82022?
0
What is the hundreds digit of 23453?
4
What is the thousands digit of 1450?
1
What is the hundreds digit of 142?
1
What is the units digit of 312?
2
What is the units digit of 908?
8
What is the thousands digit of 5942?
5
What is the hundreds digit of 22674?
6
What is the units digit of 952?
2
What is the units digit of 5641?
1
What is the tens digit of 302?
0
What is the hundreds digit of 18765?
7
What is the units digit of 10293?
3
What is the units digit of 706?
6
What is the thousands digit of 4562?
4
What is the units digit of 1064?
4
What is the tens digit of 11868?
6
What is the hundreds digit of 15733?
7
What is the hundreds digit of 505?
5
What is the tens digit of 64248?
4
What is the tens digit of 7390?
9
What is the thousands digit of 8835?
8
What is the units digit of 301?
1
What is the thousands digit of 1334?
1
What is the thousands digit of 5492?
5
What is the ten thousands digit of 60311?
6
What is the hundreds digit of 17176?
1
What is the tens digit of 9947?
4
What is the units digit of 1492?
2
What is the units digit of 1139?
9
What is the thousands digit of 9034?
9
What is the thousands digit of 1347?
1
What is the units digit of 6467?
7
What is the tens digit of 118518?
1
What is the units digit of 660?
0
What is the hundreds digit of 1146?
1
What is the thousands digit of 72924?
2
What is the units digit of 10156?
6
What is the tens digit of 6091?
9
What is the thousands digit of 9613?
9
What is the tens digit of 1239?
3
What is the hundreds digit of 4958?
9
What is the hundreds digit of 684?
6
What is the thousands digit of 4468?
4
What is the tens digit of 25419?
1
What is the tens digit of 44?
4
What is the tens digit of 9904?
0
What is the hundreds digit of 15820?
8
What is the hundreds digit of 12804?
8
What is the units digit of 2251?
1
What is the units digit of 24?
4
What is the thousands digit of 8593?
8
What is the units digit of 6204?
4
What is the units digit of 11168?
8
What is the tens digit of 6669?
6
What is the thousands digit of 26067?
6
What is the hundreds digit of 4466?
4
What is the units digit of 6665?
5
What is the hundreds digit of 62825?
8
What is the units digit of 372?
2
What is the units digit of 1280?
0
What is the hundreds digit of 465?
4
What is the units digit of 15686?
6
What is the units digit of 660?
0
What is the tens digit of 695?
9
What is the tens digit of 23564?
6
What is the hundreds digit of 20745?
7
What is the ten thousands digit of 28772?
2
What is the hundred thousands digit of 112912?
1
What is the thousands digit of 8425?
8
What is the units digit of 1054?
4
What is the tens digit of 2454?
5
What is the thousands digit of 4057?
4
What is the units digit of 573?
3
What is the ten thousands digit of 32332?
3
What is the units digit of 58809?
9
What is the hundreds digit of 3354?
3
What is the hundreds digit of 296?
2
What is the thousands digit of 57997?
7
What is the tens digit of 1262?
6
What is the tens digit of 2871?
7
What is the thousands digit of 19574?
9
What is the ten thousands digit of 49100?
4
What is the thousands digit of 80161?
0
What is the tens digit of 567?
6
What is the thousands digit of 1467?
1
What is the units digit of 348?
8
What is the hundreds digit of 2890?
8
What is the tens digit of 33780?
8
What is the units digit of 3235?
5
What is the units digit of 15677?
7
What is the tens digit of 44?
4
What is the thousands digit of 3861?
3
What is the thousands digit of 9653?
9
What is the thousands digit of 143529?
3
What is the hundreds digit of 91058?
0
What is the tens digit of 11547?
4
What is the hundreds digit of 1177?
1
What is the ten thousands digit of 50474?
5
What is the units digit of 141?
1
What is the tens digit of 20791?
9
What is the hundreds digit of 702?
7
What is the tens digit of 39216?
1
What is the units digit of 1615?
5
What is the thousands digit of 3978?
3
What is the thousands digit of 36662?
6
What is the tens digit of 1433?
3
What is the thousands digit of 6464?
6
What is the thousands digit of 35063?
5
What is the units digit of 3537?
7
What is the ten thousands digit of 18497?
1
What is the hundreds digit of 1349?
3
What is the hundreds digit of 8364?
3
What is the tens digit of 22752?
5
What is the units digit of 144?
4
What is the thousands digit of 8407?
8
What is the thousands digit of 3925?
3
What is the hundreds digit of 20519?
5
What is the thousands digit of 64840?
4
What is the ten thousands digit of 13230?
1
What is the units digit of 5693?
3
What is the hundreds digit of 520?
5
What is the thousands digit of 127378?
7
What is the units digit of 34400?
0
What is the hundreds digit of 23592?
5
What is the units digit of 27889?
9
What is the tens digit of 562?
6
What is the thousands digit of 16030?
6
What is the tens digit of 29504?
0
What is the hundreds digit of 651?
6
What is the hundreds digit of 5082?
0
What is the hundreds digit of 1547?
5
What is the hundreds digit of 837?
8
What is the hundreds digit of 832?
8
What is the hundreds digit of 448?
4
What is the tens digit of 5734?
3
What is the units digit of 858?
8
What is the hundreds digit of 147?
1
What is the ten thousands digit of 11712?
1
What is the hundreds digit of 835?
8
What is the tens digit of 1123?
2
What is the units digit of 813?
3
What is the hundreds digit of 3258?
2
What is the tens digit of 4662?
6
What is the units digit of 16698?
8
What is the hundreds digit of 1040?
0
What is the thousands digit of 4307?
4
What is the hundreds digit of 703?
7
What is the tens digit of 4262?
6
What is the tens digit of 62406?
0
What is the tens digit of 2487?
8
What is the hundreds digit of 8404?
4
What is the hundreds digit of 25326?
3
What is the ten thousands digit of 31085?
3
What is the tens digit of 8074?
7
What is the units digit of 431?
1
What is the thousands digit of 2817?
2
What is the ten thousands digit of 35474?
3
What is the units digit of 4132?
2
What is the ten thousands digit of 120830?
2
What is the tens digit of 2261?
6
What is the tens digit of 10717?
1
What is the units digit of 19696?
6
What is the units digit of 1967?
7
What is the units digit of 4068?
8
What is the hundreds digit of 5929?
9
What is the tens digit of 34518?
1
What is the hundred thousands digit of 101439?
1
What is the ten thousands digit of 28681?
2
What is the thousands digit of 11187?
1
What is the units digit of 1337?
7
What is the tens digit of 2813?
1
What is the thousands digit of 3789?
3
What is the units digit of 25149?
9
What is the units digit of 4090?
0
What is the tens digit of 535?
3
What is the units digit of 6278?
8
What is the thousands digit of 17245?
7
What is the ten thousands digit of 10059?
1
What is the tens digit of 6993?
9
What is the ten thousands digit of 13997?
1
What is the units digit of 943?
3
What is the tens digit of 171?
7
What is the tens digit of 8438?
3
What is the units digit of 48898?
8
What is the hundreds digit of 695?
6
What is the thousands digit of 1505?
1
What is the units digit of 503?
3
What is the ten thousands digit of 15701?
1
What is the hundreds digit of 420?
4
What is the ten thousands digit of 82870?
8
What is the units digit of 168?
8
What is the units digit of 4829?
9
What is the hundreds digit of 10530?
5
What is the hundreds digit of 3896?
8
What is the ten thousands digit of 83182?
8
What is the tens digit of 19595?
9
What is the tens digit of 671?
7
What is the hundreds digit of 2649?
6
What is the units digit of 525?
5
What is the thousands digit of 1634?
1
What is the thousands digit of 1121?
1
What is the tens digit of 6622?
2
What is the tens digit of 13976?
7
What is the thousands digit of 44886?
4
What is the thousands digit of 1542?
1
What is the 